{"id":21,"date":"2020-12-08T03:53:12","date_gmt":"2020-12-08T03:53:12","guid":{"rendered":"https:\/\/www.gavias-theme.com\/wp\/kitecx\/?page_id=21"},"modified":"2022-01-21T18:40:49","modified_gmt":"2022-01-21T15:40:49","slug":"hakkimizda","status":"publish","type":"page","link":"https:\/\/alfaammunition.com\/index.php\/hakkimizda\/?lang=tr","title":{"rendered":"Hakk\u0131m\u0131zda"},"content":{"rendered":"\t\t<div data-elementor-type=\"wp-page\" data-elementor-id=\"21\" class=\"elementor elementor-21\">\n\t\t\t\t\t\t\t\t\t<section class=\"elementor-section elementor-top-section elementor-element elementor-element-cfe9709 elementor-section-boxed elementor-section-height-default elementor-section-height-default row-top\" data-id=\"cfe9709\" data-element_type=\"section\">\n\t\t\t\t\t\t<div class=\"elementor-container elementor-column-gap-default\">\n\t\t\t\t\t<div class=\"elementor-column elementor-col-100 elementor-top-column elementor-element elementor-element-b600727 column-style-top\" data-id=\"b600727\" data-element_type=\"column\">\n\t\t\t<div class=\"elementor-widget-wrap elementor-element-populated\">\n\t\t\t\t\t\t\t\t<div class=\"elementor-element elementor-element-3ce9dddb elementor-widget elementor-widget-gva-heading-block\" data-id=\"3ce9dddb\" data-element_type=\"widget\" data-widget_type=\"gva-heading-block.default\">\n\t\t\t\t<div class=\"elementor-widget-container\">\n\t\t\t<div class=\"gva-element-gva-heading-block gva-element\">   <div class=\"align-left style-1 widget gsc-heading box-align-left auto-responsive\">\r\n      <div class=\"content-inner\">\r\n         \r\n                  \r\n                     <div class=\"sub-title\"><span>Hakk\u0131m\u0131zda<\/span><\/div>\r\n           \r\n         \r\n                     <h2 class=\"title\">\r\n               <span>Biz Kimiz?<\/span>\r\n            <\/h2>\r\n                  \r\n         \r\n      <\/div>\r\n   <\/div>\r\n<\/div>\t\t<\/div>\n\t\t\t\t<\/div>\n\t\t\t\t<div class=\"elementor-element elementor-element-531389f2 elementor-widget elementor-widget-progress\" data-id=\"531389f2\" data-element_type=\"widget\" data-widget_type=\"progress.default\">\n\t\t\t\t<div class=\"elementor-widget-container\">\n\t\t\t<style>\/*! elementor - v3.9.2 - 21-12-2022 *\/\n.elementor-widget-progress{text-align:left}.elementor-progress-wrapper{position:relative;background-color:#eee;color:#fff;height:100%;border-radius:2px}.elementor-progress-bar{display:flex;background-color:#818a91;width:0;font-size:11px;height:30px;line-height:30px;border-radius:2px;transition:width 1s ease-in-out}.elementor-progress-text{flex-grow:1;white-space:nowrap;text-overflow:ellipsis;overflow:hidden;padding-left:15px}.elementor-progress-percentage{padding-right:15px}.elementor-widget-progress .elementor-progress-wrapper.progress-info .elementor-progress-bar{background-color:#5bc0de}.elementor-widget-progress .elementor-progress-wrapper.progress-success .elementor-progress-bar{background-color:#5cb85c}.elementor-widget-progress .elementor-progress-wrapper.progress-warning .elementor-progress-bar{background-color:#f0ad4e}.elementor-widget-progress .elementor-progress-wrapper.progress-danger .elementor-progress-bar{background-color:#d9534f}.elementor-progress .elementor-title{display:block}@media (max-width:767px){.elementor-progress-text{padding-left:10px}}.e-con-inner .elementor-progress-wrapper,.e-con .elementor-progress-wrapper{height:auto}<\/style>\t\t\t<span class=\"elementor-title\">Alfa Savunma<\/span>\n\t\t\n\t\t<div class=\"elementor-progress-wrapper\" role=\"progressbar\" aria-valuemin=\"0\" aria-valuemax=\"100\" aria-valuenow=\"100\" aria-valuetext=\"\">\n\t\t\t<div class=\"elementor-progress-bar\" data-max=\"100\">\n\t\t\t\t<span class=\"elementor-progress-text\"><\/span>\n\t\t\t\t\t\t\t<\/div>\n\t\t<\/div>\n\t\t\t\t<\/div>\n\t\t\t\t<\/div>\n\t\t\t\t<div class=\"elementor-element elementor-element-c7af3da elementor-widget elementor-widget-text-editor\" data-id=\"c7af3da\" data-element_type=\"widget\" data-widget_type=\"text-editor.default\">\n\t\t\t\t<div class=\"elementor-widget-container\">\n\t\t\t<style>\/*! elementor - v3.9.2 - 21-12-2022 *\/\n.elementor-widget-text-editor.elementor-drop-cap-view-stacked .elementor-drop-cap{background-color:#818a91;color:#fff}.elementor-widget-text-editor.elementor-drop-cap-view-framed .elementor-drop-cap{color:#818a91;border:3px solid;background-color:transparent}.elementor-widget-text-editor:not(.elementor-drop-cap-view-default) .elementor-drop-cap{margin-top:8px}.elementor-widget-text-editor:not(.elementor-drop-cap-view-default) .elementor-drop-cap-letter{width:1em;height:1em}.elementor-widget-text-editor .elementor-drop-cap{float:left;text-align:center;line-height:1;font-size:50px}.elementor-widget-text-editor .elementor-drop-cap-letter{display:inline-block}<\/style>\t\t\t\t<p>Alfa Savunma Sanayi, 2014 y\u0131l\u0131nda kurulmu\u015ftur. Kurulu\u015fundan bug\u00fcne kadar m\u00fchendislik disiplinleri konusundaki y\u00fcksek tecr\u00fcbesini kullanarak ulusal ve uluslararas\u0131 m\u00fchendislik projelerini ba\u015far\u0131 ile tamamlam\u0131\u015ft\u0131r. \u00a0Amac\u0131m\u0131z, k\u0131sa s\u00fcrede ve\u00a0 optimize edilmi\u015f maliyetlerle y\u00fcksek kaliteli \u00fcretim sa\u011flamakt\u0131r.<\/p><p>Firmam\u0131z kuruldu\u011fu g\u00fcnden itibaren profesyonelli\u011fi ve deneyimleri ile hizmetlerine devam etmektedir. T\u00fcm projelerde disiplin i\u00e7inde \u00e7al\u0131\u015fan Alfa savunma ekibi en son teknoloji ve geli\u015fmeleri kullanmakta ve \u00e7e\u015fitli kurulu\u015flarla\u00a0 ortak ar-ge ve aktivitelerde bulunarak, savunma sanayi hizmetleri sunmaktad\u0131r.<\/p><p>Hedefimiz savunma sanayinde y\u00fcksek kaliteli yenilik\u00e7i \u00fcr\u00fcnler yaratmakt\u0131r. Firmam\u0131z bu kapsamda 2020 y\u0131l\u0131 \u00f6ncelikli yat\u0131r\u0131m planlamas\u0131 kapsam\u0131nda hafif m\u00fchimmat ve av fi\u015fe\u011fi kur\u015fun \u00fcretim s\u00fcrecini ba\u015flatm\u0131\u015ft\u0131r. Gelecek yat\u0131r\u0131m ve ar-ge planlamas\u0131 kapsam\u0131nda de\u011fi\u015fik \u00e7ap ve kalibrede \u00fcr\u00fcn tasarlama ve \u00fcretme \u00e7al\u0131\u015fmalar\u0131 devam etmektedir.<\/p>\t\t\t\t\t\t<\/div>\n\t\t\t\t<\/div>\n\t\t\t\t\t<\/div>\n\t\t<\/div>\n\t\t\t\t\t\t\t<\/div>\n\t\t<\/section>\n\t\t\t\t<section class=\"elementor-section elementor-top-section elementor-element elementor-element-7e851581 elementor-section-boxed elementor-section-height-default elementor-section-height-default row-top\" data-id=\"7e851581\" data-element_type=\"section\" data-settings=\"{&quot;background_background&quot;:&quot;classic&quot;}\">\n\t\t\t\t\t\t<div class=\"elementor-container elementor-column-gap-default\">\n\t\t\t\t\t<div class=\"elementor-column elementor-col-100 elementor-top-column elementor-element elementor-element-5d07d5fc column-style-top\" data-id=\"5d07d5fc\" data-element_type=\"column\">\n\t\t\t<div class=\"elementor-widget-wrap elementor-element-populated\">\n\t\t\t\t\t\t\t\t<div class=\"elementor-element elementor-element-454f47f2 elementor-widget elementor-widget-gva-heading-block\" data-id=\"454f47f2\" data-element_type=\"widget\" data-widget_type=\"gva-heading-block.default\">\n\t\t\t\t<div class=\"elementor-widget-container\">\n\t\t\t<div class=\"gva-element-gva-heading-block gva-element\">   <div class=\"align-center style-1 widget gsc-heading box-align-center auto-responsive\">\r\n      <div class=\"content-inner\">\r\n         \r\n                  \r\n                     <div class=\"sub-title\"><span>ALFA SAVUNMA<\/span><\/div>\r\n           \r\n         \r\n                     <h2 class=\"title\">\r\n               <span>EN \u0130Y\u0130 ATI\u015eINI YAP!<\/span>\r\n            <\/h2>\r\n                  \r\n                     <div class=\"heading-action\">\r\n               \t\t  <a href=\"\/index.php\/urunler\/?lang=tr\" class=\"btn-cta btn-white btn-medium\">\r\n\t\t\t <span>\u00dcR\u00dcNLER<\/span>\r\n\t\t  <\/a>\r\n\r\n\t\t              <\/div>\r\n         \r\n      <\/div>\r\n   <\/div>\r\n<\/div>\t\t<\/div>\n\t\t\t\t<\/div>\n\t\t\t\t\t<\/div>\n\t\t<\/div>\n\t\t\t\t\t\t\t<\/div>\n\t\t<\/section>\n\t\t\t\t\t\t\t<\/div>\n\t\t","protected":false},"excerpt":{"rendered":"<p>Hakk\u0131m\u0131zda Biz Kimiz? Alfa Savunma Alfa Savunma Sanayi, 2014 y\u0131l\u0131nda kurulmu\u015ftur. Kurulu\u015fundan bug\u00fcne kadar m\u00fchendislik disiplinleri konusundaki y\u00fcksek tecr\u00fcbesini kullanarak ulusal ve uluslararas\u0131 m\u00fchendislik projelerini ba\u015far\u0131 ile tamamlam\u0131\u015ft\u0131r. \u00a0Amac\u0131m\u0131z, k\u0131sa s\u00fcrede ve\u00a0 optimize edilmi\u015f maliyetlerle y\u00fcksek kaliteli \u00fcretim sa\u011flamakt\u0131r. Firmam\u0131z kuruldu\u011fu g\u00fcnden itibaren profesyonelli\u011fi ve deneyimleri ile hizmetlerine devam etmektedir. T\u00fcm projelerde disiplin i\u00e7inde \u00e7al\u0131\u015fan [&hellip;]<\/p>\n","protected":false},"author":1,"featured_media":0,"parent":0,"menu_order":0,"comment_status":"closed","ping_status":"closed","template":"","meta":{"inline_featured_image":false,"footnotes":""},"class_list":["post-21","page","type-page","status-publish","hentry"],"_links":{"self":[{"href":"https:\/\/alfaammunition.com\/index.php\/wp-json\/wp\/v2\/pages\/21","targetHints":{"allow":["GET"]}}],"collection":[{"href":"https:\/\/alfaammunition.com\/index.php\/wp-json\/wp\/v2\/pages"}],"about":[{"href":"https:\/\/alfaammunition.com\/index.php\/wp-json\/wp\/v2\/types\/page"}],"author":[{"embeddable":true,"href":"https:\/\/alfaammunition.com\/index.php\/wp-json\/wp\/v2\/users\/1"}],"replies":[{"embeddable":true,"href":"https:\/\/alfaammunition.com\/index.php\/wp-json\/wp\/v2\/comments?post=21"}],"version-history":[{"count":34,"href":"https:\/\/alfaammunition.com\/index.php\/wp-json\/wp\/v2\/pages\/21\/revisions"}],"predecessor-version":[{"id":3426,"href":"https:\/\/alfaammunition.com\/index.php\/wp-json\/wp\/v2\/pages\/21\/revisions\/3426"}],"wp:attachment":[{"href":"https:\/\/alfaammunition.com\/index.php\/wp-json\/wp\/v2\/media?parent=21"}],"curies":[{"name":"wp","href":"https:\/\/api.w.org\/{rel}","templated":true}]}}