{"id":971,"date":"2021-09-23T12:38:32","date_gmt":"2021-09-23T09:38:32","guid":{"rendered":"http:\/\/alfaammunition.com\/index.php\/hakkimizda-copy\/"},"modified":"2021-09-27T22:35:01","modified_gmt":"2021-09-27T19:35:01","slug":"insan-kaynaklari","status":"publish","type":"page","link":"https:\/\/alfaammunition.com\/index.php\/insan-kaynaklari\/?lang=tr","title":{"rendered":"\u0130nsan Kaynaklar\u0131"},"content":{"rendered":"\t\t<div data-elementor-type=\"wp-page\" data-elementor-id=\"971\" class=\"elementor elementor-971\">\n\t\t\t\t\t\t\t\t\t<section class=\"elementor-section elementor-top-section elementor-element elementor-element-6c4b57a elementor-section-boxed elementor-section-height-default elementor-section-height-default row-top\" data-id=\"6c4b57a\" data-element_type=\"section\">\n\t\t\t\t\t\t<div class=\"elementor-container elementor-column-gap-default\">\n\t\t\t\t\t<div class=\"elementor-column elementor-col-100 elementor-top-column elementor-element elementor-element-76408c4 column-style-top\" data-id=\"76408c4\" data-element_type=\"column\">\n\t\t\t<div class=\"elementor-widget-wrap\">\n\t\t\t\t\t\t\t\t\t<\/div>\n\t\t<\/div>\n\t\t\t\t\t\t\t<\/div>\n\t\t<\/section>\n\t\t\t\t<section class=\"elementor-section elementor-top-section elementor-element elementor-element-cfe9709 elementor-section-boxed elementor-section-height-default elementor-section-height-default row-top\" data-id=\"cfe9709\" data-element_type=\"section\">\n\t\t\t\t\t\t<div class=\"elementor-container elementor-column-gap-default\">\n\t\t\t\t\t<div class=\"elementor-column elementor-col-50 elementor-top-column elementor-element elementor-element-bdc7059 column-style-top\" data-id=\"bdc7059\" data-element_type=\"column\">\n\t\t\t<div class=\"elementor-widget-wrap elementor-element-populated\">\n\t\t\t\t\t\t\t\t<div class=\"elementor-element elementor-element-0b06eea elementor-widget elementor-widget-text-editor\" data-id=\"0b06eea\" data-element_type=\"widget\" data-widget_type=\"text-editor.default\">\n\t\t\t\t<div class=\"elementor-widget-container\">\n\t\t\t<style>\/*! elementor - v3.9.2 - 21-12-2022 *\/\n.elementor-widget-text-editor.elementor-drop-cap-view-stacked .elementor-drop-cap{background-color:#818a91;color:#fff}.elementor-widget-text-editor.elementor-drop-cap-view-framed .elementor-drop-cap{color:#818a91;border:3px solid;background-color:transparent}.elementor-widget-text-editor:not(.elementor-drop-cap-view-default) .elementor-drop-cap{margin-top:8px}.elementor-widget-text-editor:not(.elementor-drop-cap-view-default) .elementor-drop-cap-letter{width:1em;height:1em}.elementor-widget-text-editor .elementor-drop-cap{float:left;text-align:center;line-height:1;font-size:50px}.elementor-widget-text-editor .elementor-drop-cap-letter{display:inline-block}<\/style>\t\t\t\t<h2>Aranan Nitelikler<\/h2><div class=\"wrap-inner\"><ul><li>Av ve outdoor sekt\u00f6r\u00fcnde en az 2 y\u0131l deneyimine sahip,<\/li><li>En az MYO\/\u00dcniversite mezunu<\/li><li>Tercihen \u0130ngilizce bilen<\/li><li>MS office programlar\u0131na hakim<\/li><li>\u0130nsan ili\u015fkilerinde ba\u015far\u0131l\u0131, misafir memnuniyetini birinci \u00f6ncelikli g\u00f6ren<\/li><li>raporlama ve analiz becerisine sahip<\/li><li>Planlama ve organizasyon yetene\u011fine sahip<\/li><li>Ekip \u00e7al\u0131\u015fmas\u0131na \u00f6nem veren<\/li><li>Yo\u011fun i\u015f temposuna, vardiya sistemine ve esnek \u00e7al\u0131\u015fma saatlerine uyum sa\u011flayabilecek<\/li><li>Erkek adaylar i\u00e7in askerlik hizmetini tamamlam\u0131\u015f<\/li><\/ul><\/div>\t\t\t\t\t\t<\/div>\n\t\t\t\t<\/div>\n\t\t\t\t\t<\/div>\n\t\t<\/div>\n\t\t\t\t<div class=\"elementor-column elementor-col-50 elementor-top-column elementor-element elementor-element-b600727 column-style-top\" data-id=\"b600727\" data-element_type=\"column\">\n\t\t\t<div class=\"elementor-widget-wrap elementor-element-populated\">\n\t\t\t\t\t\t\t\t<div class=\"elementor-element elementor-element-4cd5209 elementor-widget elementor-widget-text-editor\" data-id=\"4cd5209\" data-element_type=\"widget\" data-widget_type=\"text-editor.default\">\n\t\t\t\t<div class=\"elementor-widget-container\">\n\t\t\t\t\t\t\t<p style=\"text-align: center;\"><div class=\"forminator-ui forminator-custom-form forminator-custom-form-970 forminator-design--default  forminator_ajax\" data-forminator-render=\"0\" data-form=\"forminator-module-970\" data-uid=\"69f23eea70652\"><br\/><\/div><form\n\t\t\t\tid=\"forminator-module-970\"\n\t\t\t\tclass=\"forminator-ui forminator-custom-form forminator-custom-form-970 forminator-design--default  forminator_ajax\"\n\t\t\t\tmethod=\"post\"\n\t\t\t\tdata-forminator-render=\"0\"\n\t\t\t\tdata-form-id=\"970\"\n\t\t\t\t\n\t\t\t\tdata-design=\"default\"\n\t\t\t\t\n\t\t\t\t\n\t\t\t\t\n\t\t\t\tdata-grid=\"open\"\n\t\t\t\tenctype=\"multipart\/form-data\"\n\t\t\t\t\n\t\t\t\tstyle=\"display: none;\"\n\t\t\t\t\n\t\t\t\tdata-uid=\"69f23eea70652\"\n\t\t\t><div class=\"forminator-response-message forminator-error\" aria-hidden=\"true\"><\/div><div class=\"forminator-row\"><div id=\"name-1\" class=\"forminator-col forminator-col-6 \"><div class=\"forminator-field\"><input type=\"text\" name=\"name-1\" value=\"\" placeholder=\"Ad\u0131n\u0131z Soyad\u0131n\u0131z\" id=\"forminator-field-name-1_69f23eea70652\" class=\"forminator-input forminator-name--field\" aria-required=\"false\" \/><\/div><\/div><div id=\"email-1\" class=\"forminator-col forminator-col-6 \"><div class=\"forminator-field\"><input type=\"email\" name=\"email-1\" value=\"\" placeholder=\"E-posta Adresi\" id=\"forminator-field-email-1_69f23eea70652\" class=\"forminator-input forminator-email--field\" data-required=\"\" aria-required=\"false\" \/><\/div><\/div><\/div><div class=\"forminator-row\"><div id=\"phone-1\" class=\"forminator-col forminator-col-12 \"><div class=\"forminator-field\"><input type=\"text\" name=\"phone-1\" value=\"\" placeholder=\"Telefon\" id=\"forminator-field-phone-1_69f23eea70652\" class=\"forminator-input forminator-field--phone\" data-required=\"\" aria-required=\"false\" autocomplete=\"off\" \/><\/div><\/div><\/div><div class=\"forminator-row\"><div id=\"address-1\" class=\"forminator-col forminator-col-12 \"><div class=\"forminator-row\"><div id=\"address-1-street_address\" class=\"forminator-col\"><div class=\"forminator-field\"><input type=\"text\" name=\"address-1-street_address\" placeholder=\"Adresiniz\" id=\"forminator-field-street_address-address-1_69f23eea70652\" class=\"forminator-input\" data-required=\"\" aria-required=\"false\" value=\"\" \/><\/div><\/div><\/div><\/div><\/div><div class=\"forminator-row\"><div id=\"upload-1\" class=\"forminator-col forminator-col-12 \"><div class=\"forminator-field\"><label for=\"forminator-field-upload-1_69f23eea70652\" class=\"forminator-label\">En Fazla 8MB Dosya Y\u00fckleyebilirsiniz<\/label><div class=\"forminator-multi-upload \" data-element=\"upload-1_69f23eea70652\" aria-describedby=\"forminator-field-upload-1_69f23eea70652-description\"><input type=\"file\" name=\"upload-1[]\" id=\"forminator-field-upload-1_69f23eea70652\" class=\"forminator-input-file forminator-field-upload-1_69f23eea70652-970\" multiple=\"multiple\" data-method=\"ajax\" accept=\".heic,.xla,.xls,.xlt,.xlw,.xlsx,.xlsm,.xlsb,.xltx,.xltm,.xlam,.ods,.numbers,.svg,.svgz,.jpg,.jpeg,.jpe,.pdf,.doc,.docx,.zip,.gz,.gzip,.rar\" data-size=\"8000000\" data-size-message=\"Maximum file size allowed is 8 MB. \" data-filetype=\"heic|xla|xls|xlt|xlw|xlsx|xlsm|xlsb|xltx|xltm|xlam|ods|numbers|svg|svgz|jpg|jpeg|jpe|pdf|doc|docx|zip|gz|gzip|rar\" data-filetype-message=\"file extension is not allowed.\"><div class=\"forminator-multi-upload-message\" aria-hidden=\"true\"><span class=\"forminator-icon-upload\" aria-hidden=\"true\"><\/span><p>Drag and Drop (or) <a class=\"forminator-upload-file--forminator-field-upload-1_69f23eea70652\" href=\"javascript:void(0)\">Choose Files<\/a><\/p><\/div><\/div><ul class=\"forminator-uploaded-files upload-container-upload-1_69f23eea70652\"><\/ul><\/div><\/div><\/div><div class=\"forminator-row\"><div id=\"textarea-1\" class=\"forminator-col forminator-col-12 \"><div class=\"forminator-field\"><textarea name=\"textarea-1\" placeholder=\"Mesaj\u0131n\u0131z\" id=\"forminator-field-textarea-1_69f23eea70652\" class=\"forminator-textarea\" rows=\"6\" style=\"min-height:140px;\" ><\/textarea><\/div><\/div><\/div><input type=\"hidden\" name=\"referer_url\" value=\"\" \/><div class=\"forminator-row forminator-row-last\"><div class=\"forminator-col\"><div class=\"forminator-field\"><button class=\"forminator-button forminator-button-submit\">Mesaj G&ouml;nder<\/button><\/div><\/div><\/div><input type=\"hidden\" id=\"forminator_nonce\" name=\"forminator_nonce\" value=\"4c06fd6999\" \/><input type=\"hidden\" name=\"_wp_http_referer\" value=\"\/index.php\/wp-json\/wp\/v2\/pages\/971\" \/><input type=\"hidden\" name=\"form_id\" value=\"970\"><input type=\"hidden\" name=\"page_id\" value=\"971\"><input type=\"hidden\" name=\"form_type\" value=\"default\"><input type=\"hidden\" name=\"current_url\" value=\"https:\/\/alfaammunition.com\/index.php\/insan-kaynaklari\/?lang=tr\"><input type=\"hidden\" name=\"render_id\" value=\"0\"><input type=\"hidden\" name=\"forminator-multifile-hidden\" class=\"forminator-multifile-hidden\"><input type=\"hidden\" name=\"action\" value=\"forminator_submit_form_custom-forms\"><\/form><\/p>\t\t\t\t\t\t<\/div>\n\t\t\t\t<\/div>\n\t\t\t\t\t<\/div>\n\t\t<\/div>\n\t\t\t\t\t\t\t<\/div>\n\t\t<\/section>\n\t\t\t\t\t\t\t<\/div>\n\t\t","protected":false},"excerpt":{"rendered":"<p>Aranan Nitelikler Av ve outdoor sekt\u00f6r\u00fcnde en az 2 y\u0131l deneyimine sahip, En az MYO\/\u00dcniversite mezunu Tercihen \u0130ngilizce bilen MS office programlar\u0131na hakim \u0130nsan ili\u015fkilerinde ba\u015far\u0131l\u0131, misafir memnuniyetini birinci \u00f6ncelikli g\u00f6ren raporlama ve analiz becerisine sahip Planlama ve organizasyon yetene\u011fine sahip Ekip \u00e7al\u0131\u015fmas\u0131na \u00f6nem veren Yo\u011fun i\u015f temposuna, vardiya sistemine ve esnek \u00e7al\u0131\u015fma saatlerine uyum [&hellip;]<\/p>\n","protected":false},"author":1,"featured_media":0,"parent":0,"menu_order":0,"comment_status":"closed","ping_status":"closed","template":"","meta":{"inline_featured_image":false,"footnotes":""},"class_list":["post-971","page","type-page","status-publish","hentry"],"_links":{"self":[{"href":"https:\/\/alfaammunition.com\/index.php\/wp-json\/wp\/v2\/pages\/971","targetHints":{"allow":["GET"]}}],"collection":[{"href":"https:\/\/alfaammunition.com\/index.php\/wp-json\/wp\/v2\/pages"}],"about":[{"href":"https:\/\/alfaammunition.com\/index.php\/wp-json\/wp\/v2\/types\/page"}],"author":[{"embeddable":true,"href":"https:\/\/alfaammunition.com\/index.php\/wp-json\/wp\/v2\/users\/1"}],"replies":[{"embeddable":true,"href":"https:\/\/alfaammunition.com\/index.php\/wp-json\/wp\/v2\/comments?post=971"}],"version-history":[{"count":13,"href":"https:\/\/alfaammunition.com\/index.php\/wp-json\/wp\/v2\/pages\/971\/revisions"}],"predecessor-version":[{"id":1814,"href":"https:\/\/alfaammunition.com\/index.php\/wp-json\/wp\/v2\/pages\/971\/revisions\/1814"}],"wp:attachment":[{"href":"https:\/\/alfaammunition.com\/index.php\/wp-json\/wp\/v2\/media?parent=971"}],"curies":[{"name":"wp","href":"https:\/\/api.w.org\/{rel}","templated":true}]}}